 331. Suppose -18*g + g + 17 = z. Calculate the greatest common factor of g and m.
1
Let s = 175 - 169. Let b be (-1 - s) + 642 + 3. Calculate the greatest common factor of b and 58.
58
Let k be (-2)/4*-6 - -17. Suppose -4*l = 4*o - 676, 4*l + 5*o = 8*o + 683. What is the highest common factor of l and k?
10
Let f(q) = -q**3 + 2*q**2 + q - 6. Let u be f(-3). Let m = 38 - u. Suppose -s - m = 0, -4*c + 5*s + 46 = -c. What is the highest common factor of c and 12?
12
Let x be (188 + -182 + (-10153)/(1 - 0))/(-1). Calculate the highest common factor of x and 139.
139
Let d(r) = -r**3 - 21*r**2 - 78*r + 38. Let v be d(-18). Calculate the greatest common divisor of v and 1316.
94
Let x = -158 + 173. Suppose -w = -4*b - 4, 19*w - b - 16 = x*w. What is the greatest common divisor of 36 and w?
4
Suppose -4*g = -9*g + p + 11963, 9564 = 4*g - 4*p. Let k = g + -1379. What is the greatest common divisor of k and 78?
78
Let u be ((-120)/78)/10 + (-769)/(-13). Calculate the highest common divisor of 3 and u.
1
Let t(z) = 21*z - 114. Let g(o) = -o**2 - 30*o - 199. Let q be g(-17). Let b be t(q). Calculate the greatest common divisor of 48 and b.
12
Suppose 0 = 871*g - 875*g - 3*k + 72326, -2*k = -g + 18087. What is the greatest common divisor of 507 and g?
169
Suppose 3*w + 2*l = 1000, -4*w + 0*l - 4*l = -1340. Let a = 334 - w. What is the greatest common divisor of 144 and a?
4
Suppose 13*u + 2*p - 238 = 11*u, -475 = -4*u - 3*p. Let j = u - 74. What is the greatest common factor of j and 55?
11
Let v(o) = 32*o + 113. Let t be v(-10). Let m = -172 - t. Calculate the highest common factor of m and 20.
5
Let p = -24629 - -24632. What is the greatest common factor of 881 and p?
1
Let b = 629 - -694. What is the greatest common divisor of b and 189?
189
Let v(h) = 5*h**2 + 11*h - 66. Let s(u) = -14*u**2 - 34*u + 197. Let f(w) = -6*s(w) - 17*v(w). Let d be f(8). What is the highest common divisor of d and 4?
4
Let h(k) = -111*k**2 - 49*k + 222*k**2 - 68 - 109*k**2. Let n be h(26). What is the greatest common factor of 90 and n?
10
Let n(t) = -t**3 + 4*t**2 + 16*t - 19. Let c be n(6). Suppose 421 = 5*r - 2*l + 147, -c*r + 5*l + 265 = 0. What is the greatest common factor of 16 and r?
8
Let q = 5425 - 5407. Calculate the greatest common factor of 729 and q.
9
Suppose 0 = d - 2*c - 216, 11*d - 834 = 7*d + 3*c. Calculate the highest common divisor of d and 6392.
68
Let k be (-196)/(-21) + -2 + (-10)/(-6). Let u = 12 + -10. Suppose z = u*z - 81. What is the highest common factor of k and z?
9
Let y(n) = 4*n**3 + 4*n**2 - 3*n. Let k = -103 - -106. Let o be y(k). What is the highest common divisor of 27 and o?
27
Let r(t) = -2*t**3 + 16*t**2 - t - 44. Let g be r(8). Let w be -8 + 9 - 4 - g. Calculate the greatest common factor of 42 and w.
7
Let z be -1 + 2 - (-5 - -3). Let q = -1359 + 1361. Suppose q*k + 247 = 3*f, 4*f + z*k - 318 = -0*k. What is the highest common factor of f and 27?
27
Suppose -135*j + 5268 + 5127 = 0. What is the highest common factor of 5467 and j?
77
Let w = 3190 + -3179. Let i be 3/(-15) + (-869)/5. Let h = i - -317. What is the greatest common divisor of w and h?
11
Let o = -1265 - -1267. Calculate the greatest common divisor of o and 64.
2
Let c be (5 - ((-15)/(-3) + 62))*-1. Calculate the highest common divisor of c and 2015.
31
Let k(d) = -d**3 - 10*d**2 - 6*d + 61. Let x be k(-9). Calculate the greatest common divisor of x and 2159.
17
Suppose 5*r - 137 = 113. Let w = 21 - r. Let t = w + 30. What is the greatest common divisor of t and 3?
1
Let o = 198 + -184. Suppose -p = 9*b - o*b + 199, 4 = 4*p. Calculate the greatest common divisor of b and 50.
10
Suppose 6 = -5*l + 1, 138 = -n - l. Let o = n + 153. What is the greatest common factor of o and 136?
8
Suppose -14*o + 0*o + 56 = 0. Suppose 3*g - 33 = 2*g - j, -g - o*j + 36 = 0. What is the greatest common divisor of g and 512?
32
Suppose -14*p = -6*p. Suppose p = -27*c + 19*c + 152. Calculate the greatest common factor of c and 76.
19
Suppose 0 = 3*m + 3*a - 171, 115*a - 3 = 114*a. Calculate the greatest common factor of 4239 and m.
27
Let k = 15 - -5. Let f = 864 + -878. Let l = k + f. Calculate the highest common factor of l and 6.
6
Let y = 106 + -108. Let g be 2*y - (-1)/1*17. Suppose -d - d + 219 = -3*f, -3*f - 336 = -3*d. What is the highest common divisor of d and g?
13
Let i be ((-16)/(-20))/((-30)/(-1725)). Calculate the greatest common factor of i and 1150.
46
Suppose -1857 = 6*f - 10155. Calculate the greatest common divisor of 6 and f.
3
Suppose -2*m = -5*r + 9, 4*r = -2*m + 10 + 26. Let p = -2414 + 3126. What is the highest common factor of p and m?
8
Let r = -31534 + 31574. What is the greatest common divisor of r and 112?
8
Suppose -10*b = -24*b + 42. Suppose 2*t + f + 2*f = 11, b*f = 2*t - 29. Suppose -h + 5*h = 32. Calculate the greatest common divisor of t and h.
2
Let r = 525 + 825. What is the greatest common factor of r and 126?
18
Suppose 274 + 59 = 3*m. Let c be (-8 - (-736)/80)/(4/3330). What is the greatest common factor of m and c?
111
Let i be ((-9)/(-6))/((-1)/(-60)). Suppose 256*k - 255*k = 3. Suppose 30 = 2*x - 2*w, -3 = -3*x - k*w + 12. What is the highest common factor of x and i?
10
Suppose a + 787 = t, -19*t + 18*t = 5*a - 769. Calculate the highest common factor of t and 2156.
196
Let d(t) = 13*t**2 - 36*t + 1223. Let q be d(26). Calculate the highest common factor of q and 75.
75
Let v(s) = 2*s**3 + 26*s**2 - 43*s - 76. Let y be v(-14). Calculate the greatest common factor of 5293 and y.
67
Let b(k) = -10*k**2 + 58*k - 32. Let r be b(5). Calculate the greatest common factor of r and 1256.
8
Suppose -106*g - 63*g = -295919. Calculate the highest common factor of g and 34.
17
Let t(j) = -323*j + 3347. Let w be t(-47). What is the greatest common factor of w and 32?
32
Suppose 10*j - 608 = -578. Suppose -3*y = -j*h + 228, h - 12 = -4*y + 89. Calculate the greatest common factor of h and 1377.
81
Suppose -i = 10*i - 847. Suppose i + 511 = 12*u. Calculate the highest common divisor of u and 21.
7
Suppose 17*f + 5*w - 440 = 13*f, -4*f = -3*w - 504. Calculate the greatest common divisor of f and 1170.
30
Let x be (476/8)/7 + 6/12. Suppose 0 = -12*r - x*r + 1008. Let a = 32 + -16. What is the highest common divisor of a and r?
16
Let b(k) = 2 - 1 - k**2 + 2 - 11*k + 0. Let u be b(-11). Suppose 0 = u*q - 2*y - 105, 3*y = 5*q - 88 - 86. What is the highest common divisor of q and 22?
11
Suppose -3*r + 4*o + 74 = 0, -2*o = 20 - 10. What is the greatest common factor of 153 and r?
9
Let k be (66/(-99))/(3/81). Let u(t) = 16*t + 356. Let b be u(k). Calculate the highest common factor of b and 323.
17
Let j(w) = -w**2 + 7*w + 18. Let m be j(9). Suppose 76 = 4*h - 4*y - m*y, -y + 17 = h. Let k = 70 + -43. Calculate the highest common divisor of k and h.
9
Let i = -69 + 68. Let r = 10 + i. Let u be 3/(6/142) - -1. What is the greatest common divisor of u and r?
9
Suppose 5 = 2*j - 31. Let v be (133 - 91)*-6*1/(-7). What is the greatest common factor of v and j?
18
Let u be 1448/14 + (-12)/(-21). Suppose 4*i - 220 = 4*p, -5*i + p = -6*i + 59. Let o = i + -44. What is the greatest common factor of o and u?
13
Let c(t) = 3*t**2 + 222*t - 221. Let u be c(-75). What is the greatest common factor of 388 and u?
4
Let u(x) = x**3 + 11*x**2 + 11. Let t be u(-11). Let h(l) = 18*l**2 - 33*l - 32. Let p be h(-5). What is the greatest common divisor of p and t?
11
Suppose 6*v - 275 = -41. Let z = v - -82. Suppose -4*m + 37 = -7. What is the greatest common divisor of m and z?
11
Suppose 1022 = 37*h - 1975. Calculate the greatest common factor of h and 1647.
27
Let g be ((-110)/(-77))/(2 - 585/294). Calculate the highest common factor of g and 602.
14
Let r be 8932/(-55)*-5 - -8. Calculate the greatest common divisor of 697 and r.
41
Let g(w) = -128*w + 33. Let v be g(-2). Let r = v + -211. Calculate the greatest common factor of 9 and r.
3
Let n(r) be the third derivative of r**6/120 - r**5/10 + 11*r**4/24 + r**3/6 - 3*r**2 - 8*r. Let j be n(5). What is the greatest common divisor of 496 and j?
31
Let m be ((-215)/(-10))/(1*2/8). Let w be (-26)/(-39)*3/4*m. Calculate the greatest common factor of 1376 and w.
43
Let i(j) = -j**3 + 3*j**2 + j + 1. Let h be i(3). Suppose -3*k + 7*k 